).
-13
Let l(p) = 5*p**3 + 219*p**2 - 57*p + 385. Give l(-44).
957
Let c(s) = -7114*s + 348718. Give c(49).
132
Let z(x) = -x**3 + 426*x**2 + 1719*x - 9. Give z(-4).
-5
Let z(s) = 322*s**2 + 163*s + 166. What is z(-1)?
325
Let g(r) = 2*r**3 + 116*r**2 - 626*r + 155. Calculate g(-63).
-97
Let b(i) = -i**3 - 111*i**2 + 69*i + 7692. Give b(-111).
33
Let a(h) = -2*h**3 + 80*h**2 - 466*h + 19. Calculate a(7).
-9
Let y(f) = f**2 - 193*f - 9713. Give y(234).
-119
Let t(j) = j**2 + 28683*j - 2185685. Calculate t(76).
-1
Let c(g) = g**3 + 179*g**2 + 226*g + 7355. Give c(-178).
-1189
Let w(j) = -160690*j + 1606910. Calculate w(10).
10
Let r(j) = -3*j**3 - 252*j**2 + 252*j - 338. What is r(-85)?
-83
Let k(q) = -q**3 - 45*q**2 + 878*q + 150. Calculate k(-60).
1470
Let d(m) = -4*m**3 + 36*m**2 - 1276*m + 9989. Calculate d(8).
37
Let i(r) = 16343*r + 473934. Give i(-29).
-13
Let r(d) = -22*d**2 + 2112*d - 10003. Determine r(91).
7
Let u(h) = -5*h**3 + 2893*h**2 - 1749*h + 8935. Determine u(578).
265
Let u(j) = j**2 - 3942*j - 35598. Give u(-9).
-39
Let t(k) = 8*k**2 + 1429*k + 889. Give t(-178).
-1
Let m(g) = 24601*g + 2410956. What is m(-98)?
58
Let y(d) = -728*d - 46343. What is y(-64)?
249
Let r(s) = 5*s**3 + 134*s**2 + 901*s + 1163. Determine r(-17).
7
Let x(c) = -c**2 - 68*c + 214. Give x(-53).
1009
Let a(b) = -2*b**3 - 744*b**2 - 17323*b + 9365. Calculate a(-347).
-4
Let l(a) = 3321*a + 1614024. Calculate l(-486).
18
Let b(h) = h**3 - 373*h**2 + 20054*h - 162435. What is b(310)?
5
Let j(t) = -t**2 - 136*t + 332. Calculate j(-141).
-373
Let f(z) = 228252*z + 2510818. What is f(-11)?
46
Let q(d) = -2*d**2 + 107*d + 15503. Calculate q(118).
281
Let w(k) = 12*k**2 + 2413*k + 20996. Give w(-192).
68
Let f(i) = -4*i**2 + 1002*i + 2253. Give f(257).
-4429
Let m(t) = 4*t**2 + 391*t - 18597. What is m(35)?
-12
Let i(w) = -2*w**2 - 259218*w - 518433. What is i(-2)?
-5
Let k(u) = 92777*u + 2968867. Give k(-32).
3
Let i(z) = -682*z**2 + 552*z - 1121. Determine i(2).
-2745
Let x(a) = a**2 + 315*a - 29320. What is x(72)?
-1456
Let a(u) = -85*u**2 + 942*u + 21. Give a(12).
-915
Let h(u) = -661*u**2 + 53*u - 52. Determine h(1).
-660
Let g(t) = -2*t**3 - 1191*t**2 + 10274*t + 3617. What is g(-604)?
-7
Let i(g) = g**3 + 65*g**2 - 8*g - 8452. What is i(-63)?
-10
Let k(c) = 14538*c - 9173487. What is k(631)?
-9
Let d(f) = 20*f**3 - 461*f**2 - 8*f + 702. Determine d(23).
-11
Let y(t) = -104*t**3 + 624*t**2 + 1808*t - 10846. Determine y(6).
2
Let m(n) = -4970*n**2 + 24850*n - 9. Calculate m(5).
-9
Let d(a) = 120*a + 14470. Determine d(-96).
2950
Let l(y) = y**3 + 41*y**2 + 135*y + 203. What is l(-39)?
-2020
Let m(q) = 3*q**2 - 1625*q + 23928. Determine m(15).
228
Let l(p) = -14944*p + 105919. Calculate l(7).
1311
Let n(z) = z**3 - 94*z**2 + 13*z - 940. Calculate n(94).
282
Let o(c) = c**2 + 754*c + 98472. Give o(-168).
24
Let t(l) = 107*l**2 + 11518*l + 46069. Calculate t(-4).
1709
Let a(v) = -3363*v + 156999. Calculate a(47).
-1062
Let q(f) = -9615*f + 596130. Determine q(62).
0
Let q(u) = -14*u**2 + 2590*u - 24499. Calculate q(175).
1
Let a(c) = -12*c**2 + 16*c - 53. Give a(3).
-113
Let b(q) = 1500*q + 211508. Give b(-141).
8
Let y(a) = a**3 + 82*a**2 - 23*a - 1674. What is y(-82)?
212
Let y(u) = u**3 - 417*u**2 + 25654*u - 258. Calculate y(75).
42
Let t(q) = 20*q**2 - 173*q - 1324. Give t(-7).
867
Let x(r) = r**3 + 112*r**2 + 509*r - 762. Give x(-6).
0
Let m(y) = -y**2 + 88*y + 15398. Determine m(-91).
-891
Let o(x) = -5174*x + 18567. Give o(4).
-2129
Let w(n) = -3*n**2 - 26421*n + 52826. What is w(2)?
-28
Let b(z) = -332*z**2 - 3937*z + 567. Give b(-12).
3
Let i(t) = t**2 + 168*t - 11198. Determine i(50).
-298
Let w(y) = -y**2 - 319*y + 441730. Calculate w(524).
-2
Let t(b) = -1689*b + 11886. Give t(7).
63
Let n(u) = 126*u**3 + 247*u**2 - 45*u - 75. Give n(-2).
-5
Let l(y) = -y**2 - 2572*y - 561782. Calculate l(-241).
-11
Let x(b) = b**3 + 6*b**2 - 113*b - 7. What is x(-15)?
-337
Let m(f) = -920*f**2 - 43*f + 3. Give m(1).
-960
Let j(i) = i**3 - 79*i**2 + 1243*i + 143. Calculate j(57).
-484
Let o(u) = -u**3 - 19*u**2 - 25*u - 131. Determine o(-19).
344
Let u(c) = 3*c**3 + 142*c**2 + 323*c - 275. Give u(-3).
-47
Let v(z) = z**3 + 74*z**2 - 1208*z + 630. Determine v(-88).
-1482
Let p(d) = -4*d**3 + 1336*d**2 - 111*d + 37073. Give p(334).
-1
Let b(m) = -m**2 + 45212*m + 226091. Calculate b(-5).
6
Let m(w) = -67*w + 1408. Calculate m(6).
1006
Let l(v) = v**2 - 199413*v - 21. Give l(0).
-21
Let a(l) = 19*l**2 - 17330*l - 262335. Give a(927).
6
Let q(g) = 1852*g**2 + 14808*g - 35. Calculate q(-8).
29
Let c(d) = d**2 - 3682*d + 637085. What is c(182)?
85
Let b(w) = -36124*w - 1733977. Give b(-48).
-25
Let p(j) = -3247*j - 43769. Calculate p(-13).
-1558
Let n(z) = -z**3 + 19*z**2 + 131*z - 17. What is n(25)?
-492
Let b(a) = -15*a**2 - 401*a + 8732. What is b(-41)?
-42
Let o(h) = 78*h**2 + 3713*h + 61. What is o(-47)?
-2148
Let k(h) = -878*h + 7965. Determine k(9).
63
Let s(r) = -28640*r - 687368. Give s(-24).
-8
Let a(t) = -t**2 + 560*t + 11628. Give a(-20).
28
Let u(s) = s**2 + 186*s - 24178. Give u(-274).
-66
Let g(o) = -o**3 + 173*o**2 - 156*o - 367. What is g(172)?
2385
Let m(o) = 2240*o + 11431. What is m(-5)?
231
Let y(h) = h**3 + 1242*h**2 - 17295*h - 4047. Give y(14).
-1
Let p(o) = 476*o**2 + 25233*o. Calculate p(-53).
-265
Let z(u) = -2*u**3 + 47*u**2 + 8535*u - 204264. What is z(24)?
0
Let o(j) = j**2 + 1139200*j + 4556813. Determine o(-4).
29
Let h(g) = g**3 - 138*g**2 - 1046*g + 6157. Give h(145).
1662
Let r(s) = -5482*s + 27415. What is r(5)?
5
Let z(f) = 842*f**2 - 5999*f + 709. Calculate z(7).
-26
Let y(k) = k**3 - 8*k**2 - 4558*k + 40882. Determine y(9).
-59
Let g(a) = -186*a - 12515. Calculate g(-91).
4411
Let w(y) = y**3 + 38*y**2 + 12*y - 2309. Calculate w(-9).
-68
Let v(f) = -30*f**3 - 75*f**2 + 4099*f - 4024. Calculate v(1).
-30
Let s(i) = -2*i**2 + 2756*i - 921154. Determine s(570).
-34
Let t(d) = 324*d + 12355. Give t(-31).
2311
Let q(n) = -n**3 - 197*n**2 - 956*n + 1127. Determine q(-6).
-13
Let m(z) = -226*z - 58970. Calculate m(-261).
16
Let w(t) = 8827*t - 741430. Determine w(84).
38
Let n(s) = 652*s**2 + 99103*s - 38. Give n(-152).
114
Let u(b) = b**2 + 211*b + 3970. Give u(-21).
-20
Let a(y) = 717*y - 57370. Give a(80).
-10
Let d(x) = -208*x - 3312. Give d(-22).
1264
Let x(n) = -722*n - 375464. Calculate x(-520).
-24
Let i(a) = -368*a - 9555. Calculate i(-26).
13
Let g(x) = -x**3 - 61*x**2 + 304*x + 11266. Give g(-63).
52
Let d(v) = -v**3 - 31*v**2 + 6*v - 250. Calculate d(-30).
-1330
Let y(v) = -19737*v + 19793. Determine y(1).
56
Let d(w) = 8*w**3 - 137*w**2 - 646*w - 5. Determine d(21).
100
Let j(z) = -277*z - 152177. Give j(-550).
173
Let r(a) = 12183*a - 255841. What is r(21)?
2
Let w(g) = -6*g**2 + 5075*g - 1024450. Calculate w(513).
11
Let d(f) = -22*f**2 + 793*f - 817. Calculate d(35).
-12
Let d(p) = -p**3 - 165*p**2 + 811*p + 1272. Calculate d(6).
-18
Let g(d) = 10667*d - 63994. Calculate g(6).
8
Let k(p) = -87*p**2 + 3306*p + 35. Give k(38).
35
Let o(w) = 4*w**3 + 478*w**2 + 239*w + 65. Calculate o(-119).
-54
Let w(g) = 13732*g + 260780. Calculate w(-19).
-128
Let m(j) = 486*j - 21717. Give m(45).
153
Let x(y) = 3*y**3 + 44*y**2 + 68*y + 379. Determine x(-14).
-181
Let j(q) = -q**3 + 10*q**2 + 3843*q + 22492. Give j(-6).
10
Let t(s) = -11*s**2 + 159*s - 351. Give t(3).
27
Let l(q) = -115*q + 710. What is l(-5)?
1285
Let i(w) = -370507*w + 33345635. Give i(90).
5
Let v(p) = 11*p**3 + 176*p**2 + 145*p - 30. Determine v(-1).
-10
Let f(u) = -u**2 + 86*u + 7622. What is f(142)?
-330
Let i(z) = -z**3 - 36*z**2 + 107*z - 51. Give i(-39).
339
Let r(v) = 2184*v - 111369. Determine r(51).
15
Let w(g) = -112*g**2 + 3259*g + 20. Give w(29).
339
Let o(c) = 50090*c - 200813. Determine o(4).
-453
Let z(s) = -5100*s + 34496. Give z(7).
-1204
Let o(a) = -a**3 - 428*a**2 - 1140*a - 122684. What is o(-426)?
4
Let s(d) = -1216*d**2 - 226*d + 230. Determine s(1).
-1212
Let p(d) = -d**3 + 28*d**2 + 105*d - 123. What is p(30)?
1227
Let c(k) = -10*k**2 + 628*k + 1033. What is c(63)?
907
Let u(g) = 16109*g - 1369265. Determine u(85).
0
Let h(r) = 3872*r + 731816. Give h(-189).
8
Let h(z) = -z**3 + 28*z**2 - 91*z + 124. Calculate h(20).
1504
Let h(f) = -1513*